22 and 4150?
166
Calculate the greatest common divisor of 828381 and 114.
57
What is the highest common divisor of 2016 and 3744?
288
What is the highest common factor of 892 and 2007?
223
What is the greatest common divisor of 258714 and 432?
54
Calculate the greatest common factor of 213024 and 48.
48
Calculate the highest common factor of 554 and 3542276.
554
Calculate the greatest common divisor of 31824 and 24.
24
Calculate the highest common factor of 256397 and 4633.
113
Calculate the greatest common factor of 23208 and 192.
24
Calculate the greatest common divisor of 561 and 5643.
33
What is the greatest common factor of 3134 and 11?
1
Calculate the greatest common factor of 33 and 243991.
11
Calculate the greatest common factor of 72 and 5424.
24
What is the greatest common factor of 96 and 1821088?
32
Calculate the highest common factor of 7565 and 4505.
85
What is the greatest common divisor of 1150 and 179860?
230
Calculate the greatest common factor of 2158 and 30682444.
2158
What is the highest common divisor of 1141 and 55094?
163
Calculate the greatest common factor of 1100 and 2091925.
275
Calculate the greatest common divisor of 271 and 6919443.
271
What is the highest common divisor of 144 and 41616?
144
What is the highest common factor of 56795 and 20?
5
What is the highest common divisor of 64 and 1321248?
32
Calculate the highest common factor of 1792976 and 16.
16
Calculate the greatest common factor of 40 and 175528.
8
Calculate the highest common factor of 24 and 134868.
12
What is the greatest common factor of 20 and 324340?
20
Calculate the highest common divisor of 31100 and 2060.
20
What is the greatest common divisor of 167134 and 55?
11
What is the greatest common divisor of 232618 and 9783?
1087
What is the greatest common divisor of 391 and 10879?
23
Calculate the greatest common factor of 1133 and 12669.
103
Calculate the highest common factor of 34776 and 432.
216
Calculate the greatest common divisor of 10526581 and 26.
13
Calculate the greatest common factor of 69 and 105639.
69
What is the highest common divisor of 71919 and 2013?
183
What is the highest common divisor of 10 and 712090?
10
Calculate the highest common divisor of 12727 and 4862.
143
What is the highest common divisor of 940 and 5311?
47
Calculate the greatest common divisor of 492500 and 197.
197
Calculate the greatest common divisor of 1994 and 18.
2
What is the greatest common divisor of 10 and 2662690?
10
What is the greatest common divisor of 24 and 281892?
12
What is the highest common divisor of 69448 and 128?
8
What is the greatest common divisor of 1620 and 2745?
45
Calculate the highest common factor of 5075 and 42775.
725
What is the highest common factor of 189028 and 157724?
1204
Calculate the highest common divisor of 7 and 174671.
7
What is the highest common divisor of 4298 and 1988?
14
Calculate the greatest common divisor of 76 and 764579.
19
What is the highest common factor of 57783 and 231?
33
Calculate the highest common divisor of 77 and 708499.
11
Calculate the greatest common factor of 1670 and 34.
2
What is the greatest common factor of 414 and 126822?
138
What is the greatest common divisor of 40783 and 187?
17
Calculate the highest common factor of 221 and 7696.
13
What is the highest common divisor of 9454441 and 466?
233
What is the highest common divisor of 68350 and 7250?
50
Calculate the greatest common factor of 57312 and 4608.
288
Calculate the highest common divisor of 2170 and 25730.
310
What is the greatest common divisor of 36 and 3249?
9
Calculate the greatest common divisor of 134288 and 7.
7
Calculate the greatest common divisor of 2397 and 561.
51
Calculate the highest common divisor of 54 and 35613.
27
Calculate the greatest common factor of 45693 and 72.
9
What is the highest common divisor of 133207 and 93?
31
What is the greatest common factor of 211037 and 239?
239
What is the highest common factor of 24 and 142248?
24
Calculate the greatest common factor of 20550 and 8700.
150
What is the greatest common divisor of 24156 and 105336?
396
Calculate the greatest common divisor of 13456 and 2320.
464
What is the greatest common divisor of 15 and 2330140?
5
Calculate the greatest common divisor of 1812 and 564.
12
Calculate the greatest common divisor of 90 and 37920.
30
What is the greatest common factor of 8189 and 34480?
431
Calculate the highest common divisor of 1206 and 4548.
6
What is the greatest common factor of 2112 and 3470368?
352
What is the greatest common divisor of 3876 and 1102?
38
What is the highest common factor of 416 and 91?
13
Calculate the greatest common divisor of 229 and 300219.
229
Calculate the highest common divisor of 52 and 1016912.
52
What is the greatest common divisor of 49381 and 13984?
437
Calculate the highest common factor of 74492 and 160.
4
Calculate the highest common divisor of 1528674 and 119.
119
What is the greatest common divisor of 307215 and 360?
45
What is the greatest common factor of 51 and 388501?
17
What is the highest common divisor of 1221 and 6226?
11
What is the highest common factor of 166 and 2407?
83
Calculate the highest common divisor of 989 and 112493.
23
Calculate the greatest common divisor of 52229 and 58.
29
Calculate the greatest common divisor of 127901 and 869.
79
What is the greatest common divisor of 155397 and 2244?
561
What is the greatest common factor of 1940011 and 31?
31
Calculate the greatest common divisor of 3954 and 1110.
6
Calculate the greatest common divisor of 5358 and 53694.
114
Calculate the greatest common factor of 22464 and 918.
54
What is the highest common divisor of 80757 and 405?
81
What is the greatest common factor of 67482 and 230?
46
Calculate the greatest common divisor of 10293 and 1533.
219
Calculate the highest common factor of 15666 and 630.
42
Calculate the highest common divisor of 169 and 299.
13
What is the highest common divisor of 2070 and 21672?
18
What is the greatest common factor of 162271 and 1052?
263
What is the greatest common divisor of 25 and 214525?
25
What is the highest common factor of 719879 and 1337?
191
Calculate the greatest common divisor of 3347 and 8.
1
Calculate the highest common factor of 624 and 30.
6
Calculate the highest common factor of 50 and 63125.
25
What is the greatest common factor of 542 and 2?
2
What is the greatest common divisor of 120 and 8200?
40
What is the greatest common divisor of 47200 and 30?
10
What is the greatest common factor of 928 and 18705?
29
Calculate the greatest common divisor of 100899 and 202.
101
What is the highest common factor of 2500 and 30250?
250
What is the greatest common factor of 3215 and 5?
5
What is the highest common divisor of 2925 and 1027494?
117
What is the highest common factor of 35025 and 255?
15
Calculate the highest common divisor of 4131 and 29019.
51
What is the highest common divisor of 1554 and 243201?
777
What is the greatest common divisor of 3437163 and 531?
531
What is the highest common factor of 301818 and 66?
66
Calculate the highest common factor of 595348 and 4708.
428
What is the highest common factor of 805 and 14735?
35
Calculate the greatest common divisor of 16008 and 2552.
232
What is the greatest common divisor of 7265928 and 24?
24
What is the highest common divisor of 253 and 731170?
253
What is the highest common divisor of 120 and 471756?
12
Calculate the highest common divisor of 282 and 1878825.
141
What is the highest common divisor of 95 and 436012?
19
What is the greatest common divisor of 2652 and 3744?
156
Calculate the greatest common divisor of 2655 and 6615.
45
Calculate the highest common divisor of 5 and 5939500.
5
Calculate the greatest common divisor of 204 and 948.
12
What is the greatest common factor of 90707 and 6893?
61
Calculate the highest common factor of 1176 and 1213044.
588
What is the highest common factor of 705675 and 375?
75
Calculate the greatest common divisor of 5016 and 71421.
57
Calculate the highest common factor of 3172 and 676.
52
Calculate the highest common factor of 231 and 5896583.
77
What is the highest common factor of 216 and 16557?
3
What is the greatest common divisor of 47848 and 72?
8
What is the greatest common divisor of 1468 and 